{"id":4097,"date":"2026-04-04T04:25:02","date_gmt":"2026-04-04T02:25:02","guid":{"rendered":"https:\/\/ete69e.pef.czu.cz\/ls2122\/?post_type=product&#038;p=4097"},"modified":"2026-04-04T04:25:02","modified_gmt":"2026-04-04T02:25:02","slug":"49-samsung-odyssey-oled-g9-g95sc","status":"publish","type":"product","link":"https:\/\/ete69e.pef.czu.cz\/ls2122\/produkt\/49-samsung-odyssey-oled-g9-g95sc\/","title":{"rendered":"49&#8243; Samsung Odyssey OLED G9 (G95SC)"},"content":{"rendered":"<p>Samsung Odyssey OLED G9 je masivn\u00ed super-ultrawide monitor, kter\u00fd radik\u00e1ln\u011b transformuje zp\u016fsob, jak\u00fdm hrajete a pracujete. Jeho unik\u00e1tnost spo\u010d\u00edv\u00e1 v extr\u00e9mn\u00edm pom\u011bru stran 32:9 s \u00fahlop\u0159\u00ed\u010dkou 49 palc\u016f, \u010d\u00edm\u017e elegantn\u011b a plynule nahrazuje dva 27palcov\u00e9 monitory vedle sebe, ov\u0161em bez jak\u00e9hokoliv ru\u0161iv\u00e9ho st\u0159edov\u00e9ho r\u00e1me\u010dku. Mezi nejd\u016fle\u017eit\u011bj\u0161\u00ed vlastnosti pat\u0159\u00ed pr\u00e9miov\u00fd OLED panel s \u00fachvatnou kvalitou obrazu, obrovsk\u00fdm rozli\u0161en\u00edm Dual QHD a nekompromisn\u00ed plynulost\u00ed 240Hz+. V\u00fdjime\u010dn\u00fdm bonusem je integrovan\u00fd procesor a funkce Smart TV, tak\u017ee obrazovka funguje jako samostatn\u00e9 chytr\u00e9 centrum pro streamov\u00e1n\u00ed i bez zapnut\u00e9ho po\u010d\u00edta\u010de.<\/p>\n","protected":false},"excerpt":{"rendered":"<p>Extr\u00e9mn\u00ed 49&#8243; super-ultrawide OLED monitor (32:9) v rozli\u0161en\u00ed Dual QHD, kter\u00fd bez ru\u0161iv\u00fdch r\u00e1me\u010dk\u016f nahrad\u00ed dva klasick\u00e9 displeje. Nab\u00edz\u00ed \u0161pi\u010dkov\u00fd obraz s frekvenc\u00ed 240Hz+ a nav\u00edc funguje jako samostatn\u00e1 Smart TV.<\/p>\n","protected":false},"featured_media":4098,"comment_status":"open","ping_status":"closed","template":"","meta":[],"product_brand":[1539],"product_cat":[1798],"product_tag":[1806,1813,1800,1805,1810],"class_list":{"0":"post-4097","1":"product","2":"type-product","3":"status-publish","4":"has-post-thumbnail","6":"product_brand-samsung","7":"product_cat-herni-monitory","8":"product_tag-240hz","9":"product_tag-dual-qhd","10":"product_tag-herni-monitor","11":"product_tag-oled","12":"product_tag-ultrawide","14":"first","15":"instock","16":"sale","17":"taxable","18":"shipping-taxable","19":"purchasable","20":"product-type-simple"},"jetpack_sharing_enabled":true,"_links":{"self":[{"href":"https:\/\/ete69e.pef.czu.cz\/ls2122\/wp-json\/wp\/v2\/product\/4097","targetHints":{"allow":["GET"]}}],"collection":[{"href":"https:\/\/ete69e.pef.czu.cz\/ls2122\/wp-json\/wp\/v2\/product"}],"about":[{"href":"https:\/\/ete69e.pef.czu.cz\/ls2122\/wp-json\/wp\/v2\/types\/product"}],"replies":[{"embeddable":true,"href":"https:\/\/ete69e.pef.czu.cz\/ls2122\/wp-json\/wp\/v2\/comments?post=4097"}],"wp:featuredmedia":[{"embeddable":true,"href":"https:\/\/ete69e.pef.czu.cz\/ls2122\/wp-json\/wp\/v2\/media\/4098"}],"wp:attachment":[{"href":"https:\/\/ete69e.pef.czu.cz\/ls2122\/wp-json\/wp\/v2\/media?parent=4097"}],"wp:term":[{"taxonomy":"product_brand","embeddable":true,"href":"https:\/\/ete69e.pef.czu.cz\/ls2122\/wp-json\/wp\/v2\/product_brand?post=4097"},{"taxonomy":"product_cat","embeddable":true,"href":"https:\/\/ete69e.pef.czu.cz\/ls2122\/wp-json\/wp\/v2\/product_cat?post=4097"},{"taxonomy":"product_tag","embeddable":true,"href":"https:\/\/ete69e.pef.czu.cz\/ls2122\/wp-json\/wp\/v2\/product_tag?post=4097"}],"curies":[{"name":"wp","href":"https:\/\/api.w.org\/{rel}","templated":true}]}}