{"id":4072,"date":"2026-04-03T16:28:04","date_gmt":"2026-04-03T14:28:04","guid":{"rendered":"https:\/\/ete69e.pef.czu.cz\/ls2122\/?post_type=product&#038;p=4072"},"modified":"2026-04-03T16:28:04","modified_gmt":"2026-04-03T14:28:04","slug":"ovocny-caj-jahodovy-s-mangem","status":"publish","type":"product","link":"https:\/\/ete69e.pef.czu.cz\/ls2122\/produkt\/ovocny-caj-jahodovy-s-mangem\/","title":{"rendered":"Ovocn\u00fd \u010daj jahodov\u00fd s mangem"},"content":{"rendered":"<p>Mnoho vynikaj\u00edc\u00edch plod\u016f dom\u00e1c\u00edho i exotick\u00e9ho p\u016fvodu je obohaceno jasn\u011b modr\u00fdmi a \u017elut\u00fdmi kv\u011bty a rafinovanou nejjemn\u011bj\u0161\u00ed v\u016fn\u00ed ji\u017en\u00edho ovoce. Sladk\u00e1, p\u0159ita\u017eliv\u00e1 ovocn\u00e1 sm\u011bs je prost\u011b geni\u00e1ln\u00ed, \u010derven\u00e9 ovoce a \u017elut\u00e9 ovoce se skv\u011ble dopl\u0148uje. Absolutn\u00ed hit v na\u0161\u00ed rozmanit\u00e9 nab\u00eddce produkt\u016f.<\/p>\n","protected":false},"excerpt":{"rendered":"<p>Mnoho vynikaj\u00edc\u00edch plod\u016f dom\u00e1c\u00edho i exotick\u00e9ho p\u016fvodu je obohaceno jasn\u011b modr\u00fdmi a \u017elut\u00fdmi kv\u011bty a rafinovanou nejjemn\u011bj\u0161\u00ed v\u016fn\u00ed ji\u017en\u00edho ovoce. Sladk\u00e1, p\u0159ita\u017eliv\u00e1 ovocn\u00e1 sm\u011bs je prost\u011b geni\u00e1ln\u00ed, \u010derven\u00e9 ovoce a \u017elut\u00e9 ovoce se skv\u011ble dopl\u0148uje. Absolutn\u00ed hit v na\u0161\u00ed rozmanit\u00e9 nab\u00eddce produkt\u016f.<\/p>\n","protected":false},"featured_media":4074,"comment_status":"open","ping_status":"closed","template":"","meta":[],"product_brand":[],"product_cat":[413,1080,1069],"product_tag":[667,1776,1773,1774,1772,1775],"class_list":{"0":"post-4072","1":"product","2":"type-product","3":"status-publish","4":"has-post-thumbnail","6":"product_cat-caje","7":"product_cat-ovocne-caje","8":"product_cat-sypane-caje","9":"product_tag-bez-kofeinu","10":"product_tag-exoticke-ovoce","11":"product_tag-jahoda","12":"product_tag-mango","13":"product_tag-ovocny-caj","14":"product_tag-sladka-chut","16":"first","17":"instock","18":"taxable","19":"shipping-taxable","20":"purchasable","21":"product-type-simple"},"jetpack_sharing_enabled":true,"_links":{"self":[{"href":"https:\/\/ete69e.pef.czu.cz\/ls2122\/wp-json\/wp\/v2\/product\/4072","targetHints":{"allow":["GET"]}}],"collection":[{"href":"https:\/\/ete69e.pef.czu.cz\/ls2122\/wp-json\/wp\/v2\/product"}],"about":[{"href":"https:\/\/ete69e.pef.czu.cz\/ls2122\/wp-json\/wp\/v2\/types\/product"}],"replies":[{"embeddable":true,"href":"https:\/\/ete69e.pef.czu.cz\/ls2122\/wp-json\/wp\/v2\/comments?post=4072"}],"wp:featuredmedia":[{"embeddable":true,"href":"https:\/\/ete69e.pef.czu.cz\/ls2122\/wp-json\/wp\/v2\/media\/4074"}],"wp:attachment":[{"href":"https:\/\/ete69e.pef.czu.cz\/ls2122\/wp-json\/wp\/v2\/media?parent=4072"}],"wp:term":[{"taxonomy":"product_brand","embeddable":true,"href":"https:\/\/ete69e.pef.czu.cz\/ls2122\/wp-json\/wp\/v2\/product_brand?post=4072"},{"taxonomy":"product_cat","embeddable":true,"href":"https:\/\/ete69e.pef.czu.cz\/ls2122\/wp-json\/wp\/v2\/product_cat?post=4072"},{"taxonomy":"product_tag","embeddable":true,"href":"https:\/\/ete69e.pef.czu.cz\/ls2122\/wp-json\/wp\/v2\/product_tag?post=4072"}],"curies":[{"name":"wp","href":"https:\/\/api.w.org\/{rel}","templated":true}]}}