{"id":4030,"date":"2026-04-03T14:53:45","date_gmt":"2026-04-03T12:53:45","guid":{"rendered":"https:\/\/ete69e.pef.czu.cz\/ls2122\/?post_type=product&#038;p=4030"},"modified":"2026-04-03T15:27:51","modified_gmt":"2026-04-03T13:27:51","slug":"denk-mit-dezinfekcni-sprej-na-povrchy","status":"publish","type":"product","link":"https:\/\/ete69e.pef.czu.cz\/ls2122\/produkt\/denk-mit-dezinfekcni-sprej-na-povrchy\/","title":{"rendered":"Denk mit \u2013 dezinfek\u010dn\u00ed sprej na povrchy"},"content":{"rendered":"<p>Denk mit dezinfek\u010dn\u00ed sprej zaji\u0161\u0165uje rychlou a \u00fa\u010dinnou dezinfekci hladk\u00fdch povrch\u016f. Ni\u010d\u00ed a\u017e 99,9 % bakteri\u00ed a vir\u016f, je bez chl\u00f3ru a vhodn\u00fd pro kuchyn\u011b, koupelny, elektroniku a dal\u0161\u00ed objekty ka\u017edodenn\u00edho pou\u017eit\u00ed. Schne bez \u0161mouh a nezanech\u00e1v\u00e1 lepiv\u00fd film.<\/p>\n","protected":false},"excerpt":{"rendered":"<p>Denk mit dezinfek\u010dn\u00ed sprej zaji\u0161\u0165uje rychlou a \u00fa\u010dinnou dezinfekci hladk\u00fdch povrch\u016f. Ni\u010d\u00ed a\u017e 99,9 % bakteri\u00ed a vir\u016f, je bez chl\u00f3ru a vhodn\u00fd pro kuchyn\u011b, koupelny, elektroniku a dal\u0161\u00ed objekty ka\u017edodenn\u00edho pou\u017eit\u00ed. Schne bez \u0161mouh a nezanech\u00e1v\u00e1 lepiv\u00fd film.<\/p>\n","protected":false},"featured_media":4033,"comment_status":"open","ping_status":"closed","template":"","meta":[],"product_brand":[1707],"product_cat":[803],"product_tag":[1702,1708,886,111,1710,1709],"class_list":{"0":"post-4030","1":"product","2":"type-product","3":"status-publish","4":"has-post-thumbnail","6":"product_brand-denk-mit","7":"product_cat-cistici-prostredky","8":"product_tag-bez-chloru","9":"product_tag-denkmit","10":"product_tag-dezinfekce","11":"product_tag-hygiena","12":"product_tag-povrchy","13":"product_tag-sprej","15":"first","16":"instock","17":"taxable","18":"shipping-taxable","19":"purchasable","20":"product-type-variable"},"jetpack_sharing_enabled":true,"_links":{"self":[{"href":"https:\/\/ete69e.pef.czu.cz\/ls2122\/wp-json\/wp\/v2\/product\/4030","targetHints":{"allow":["GET"]}}],"collection":[{"href":"https:\/\/ete69e.pef.czu.cz\/ls2122\/wp-json\/wp\/v2\/product"}],"about":[{"href":"https:\/\/ete69e.pef.czu.cz\/ls2122\/wp-json\/wp\/v2\/types\/product"}],"replies":[{"embeddable":true,"href":"https:\/\/ete69e.pef.czu.cz\/ls2122\/wp-json\/wp\/v2\/comments?post=4030"}],"wp:featuredmedia":[{"embeddable":true,"href":"https:\/\/ete69e.pef.czu.cz\/ls2122\/wp-json\/wp\/v2\/media\/4033"}],"wp:attachment":[{"href":"https:\/\/ete69e.pef.czu.cz\/ls2122\/wp-json\/wp\/v2\/media?parent=4030"}],"wp:term":[{"taxonomy":"product_brand","embeddable":true,"href":"https:\/\/ete69e.pef.czu.cz\/ls2122\/wp-json\/wp\/v2\/product_brand?post=4030"},{"taxonomy":"product_cat","embeddable":true,"href":"https:\/\/ete69e.pef.czu.cz\/ls2122\/wp-json\/wp\/v2\/product_cat?post=4030"},{"taxonomy":"product_tag","embeddable":true,"href":"https:\/\/ete69e.pef.czu.cz\/ls2122\/wp-json\/wp\/v2\/product_tag?post=4030"}],"curies":[{"name":"wp","href":"https:\/\/api.w.org\/{rel}","templated":true}]}}