{"id":3962,"date":"2026-04-03T09:43:51","date_gmt":"2026-04-03T07:43:51","guid":{"rendered":"https:\/\/ete69e.pef.czu.cz\/ls2122\/?post_type=product&#038;p=3962"},"modified":"2026-04-03T10:07:33","modified_gmt":"2026-04-03T08:07:33","slug":"minkov-brothers-le-photographe-sauvignon-blanc-2","status":"publish","type":"product","link":"https:\/\/ete69e.pef.czu.cz\/ls2122\/produkt\/minkov-brothers-le-photographe-sauvignon-blanc-2\/","title":{"rendered":"Voga Italia Prosecco Still (tich\u00e9)"},"content":{"rendered":"<p>Unik\u00e1tn\u00ed tich\u00e1 varianta Prosecca ze severn\u00ed It\u00e1lie. Na rozd\u00edl od klasick\u00e9ho \u0161umiv\u00e9ho Prosecca je toto v\u00edno bez bublinek, co\u017e d\u00e1v\u00e1 vyniknout prim\u00e1rn\u00edm vlastnostem hrozn\u016f Glera. M\u00e1 kv\u011btinov\u00e9 aroma s t\u00f3ny hru\u0161ek, b\u00edl\u00e9 broskve, zelen\u00e9ho jablka a citrus\u016f. Nab\u00edz\u00ed netradi\u010dn\u00ed chu\u0165ov\u00fd z\u00e1\u017eitek pro milovn\u00edky t\u00e9to odr\u016fdy.<\/p>\n","protected":false},"excerpt":{"rendered":"<p>Unik\u00e1tn\u00ed tich\u00e1 varianta Prosecca ze severn\u00ed It\u00e1lie. Na rozd\u00edl od klasick\u00e9ho \u0161umiv\u00e9ho Prosecca je toto v\u00edno bez bublinek, co\u017e d\u00e1v\u00e1 vyniknout prim\u00e1rn\u00edm vlastnostem hrozn\u016f Glera. M\u00e1 kv\u011btinov\u00e9 aroma s t\u00f3ny hru\u0161ek, b\u00edl\u00e9 broskve, zelen\u00e9ho jablka a citrus\u016f. Nab\u00edz\u00ed netradi\u010dn\u00ed chu\u0165ov\u00fd z\u00e1\u017eitek pro milovn\u00edky t\u00e9to odr\u016fdy.<\/p>\n","protected":false},"featured_media":3965,"comment_status":"open","ping_status":"closed","template":"","meta":[],"product_brand":[],"product_cat":[1582,1585],"product_tag":[1658,1656,1655,1657],"class_list":{"0":"post-3962","1":"product","2":"type-product","3":"status-publish","4":"has-post-thumbnail","6":"product_cat-alkoholicke-napoje","7":"product_cat-bila-vina","8":"product_tag-designova-lahev","9":"product_tag-glera","10":"product_tag-prosecco","11":"product_tag-tiche-vino","13":"first","14":"instock","15":"sale","16":"taxable","17":"shipping-taxable","18":"purchasable","19":"product-type-simple"},"jetpack_sharing_enabled":true,"_links":{"self":[{"href":"https:\/\/ete69e.pef.czu.cz\/ls2122\/wp-json\/wp\/v2\/product\/3962","targetHints":{"allow":["GET"]}}],"collection":[{"href":"https:\/\/ete69e.pef.czu.cz\/ls2122\/wp-json\/wp\/v2\/product"}],"about":[{"href":"https:\/\/ete69e.pef.czu.cz\/ls2122\/wp-json\/wp\/v2\/types\/product"}],"replies":[{"embeddable":true,"href":"https:\/\/ete69e.pef.czu.cz\/ls2122\/wp-json\/wp\/v2\/comments?post=3962"}],"wp:featuredmedia":[{"embeddable":true,"href":"https:\/\/ete69e.pef.czu.cz\/ls2122\/wp-json\/wp\/v2\/media\/3965"}],"wp:attachment":[{"href":"https:\/\/ete69e.pef.czu.cz\/ls2122\/wp-json\/wp\/v2\/media?parent=3962"}],"wp:term":[{"taxonomy":"product_brand","embeddable":true,"href":"https:\/\/ete69e.pef.czu.cz\/ls2122\/wp-json\/wp\/v2\/product_brand?post=3962"},{"taxonomy":"product_cat","embeddable":true,"href":"https:\/\/ete69e.pef.czu.cz\/ls2122\/wp-json\/wp\/v2\/product_cat?post=3962"},{"taxonomy":"product_tag","embeddable":true,"href":"https:\/\/ete69e.pef.czu.cz\/ls2122\/wp-json\/wp\/v2\/product_tag?post=3962"}],"curies":[{"name":"wp","href":"https:\/\/api.w.org\/{rel}","templated":true}]}}