{"id":3951,"date":"2026-04-02T23:08:20","date_gmt":"2026-04-02T21:08:20","guid":{"rendered":"https:\/\/ete69e.pef.czu.cz\/ls2122\/?post_type=product&#038;p=3951"},"modified":"2026-04-02T23:08:38","modified_gmt":"2026-04-02T21:08:38","slug":"plavecke-bryle-arena-air-speed-mirror","status":"publish","type":"product","link":"https:\/\/ete69e.pef.czu.cz\/ls2122\/produkt\/plavecke-bryle-arena-air-speed-mirror\/","title":{"rendered":"Plaveck\u00e9 br\u00fdle Arena Air-Speed Mirror"},"content":{"rendered":"<p>Z\u00e1vodn\u00ed br\u00fdle s technologi\u00ed Air Seals pro sn\u00ed\u017een\u00ed tlaku na o\u010dn\u00ed d\u016flky. Zrcadlov\u00e1 skla.<\/p>\n","protected":false},"excerpt":{"rendered":"<p><strong>Arena Air-Speed Mirror<\/strong> jsou nov\u00e9 z\u00e1vodn\u00ed plaveck\u00e9 br\u00fdle s n\u00edzk\u00fdm profilem. Jsou ur\u010deny nejen pro plavce, kte\u0159\u00ed z\u00e1vod\u00ed a usiluj\u00ed o co nejlep\u0161\u00ed v\u00fdkony, ale i pro plavce, kte\u0159\u00ed hledaj\u00ed kvalitn\u00ed, lehk\u00e9 a pohodln\u00e9 br\u00fdle. P\u0159ekvap\u00ed v\u00e1s jejich jedine\u010dn\u00e1 lehkost, m\u011bkkost a vzhled.<\/p>\n<p>Arena Air-Speed Mirror maj\u00ed unik\u00e1tn\u00ed stavbu, kter\u00e1 p\u0159ipom\u00edn\u00e1 v\u010del\u00ed pl\u00e1stve. Slou\u017e\u00ed pro co nejefektivn\u011bj\u0161\u00ed vzduchov\u00e9 t\u011bsn\u011bn\u00ed a\u00a0<strong>sni\u017euj\u00ed tlak na o\u010d\u00edch<\/strong>. D\u00edky tomu p\u016fsob\u00ed na o\u010d\u00edch lehk\u00fdm a jemn\u00fdm dojmem, co\u017e je u z\u00e1vodn\u00edch plaveck\u00fdch br\u00fdl\u00ed velkou v\u00fdhodou. Komprese se p\u0159izp\u016fsob\u00ed velice dob\u0159e va\u0161emu obli\u010deji.<\/p>\n<p><strong>Zrcadlov\u00e9 sklo<\/strong>, kter\u00e9 je velice p\u0159\u00edjemn\u00e9 na pohled, m\u00e1 kr\u00e1sn\u00fd design a je kvalitn\u011b zpracovan\u00e9. I p\u0159es zrcadlov\u00e9 zabarven\u00ed jsou br\u00fdle velmi sv\u011btl\u00e9 a je v nich skv\u011ble vid\u011bt i ve vnit\u0159n\u00edm baz\u00e9nu. Maj\u00ed tak\u00e9 ochranu proti UV z\u00e1\u0159en\u00ed, skv\u011bl\u00e9 perifern\u00ed vid\u011bn\u00ed a zorn\u00e9 pole.<\/p>\n","protected":false},"featured_media":3952,"comment_status":"open","ping_status":"closed","template":"","meta":[],"product_brand":[1641],"product_cat":[1636],"product_tag":[1642,1640,1638,1639],"class_list":{"0":"post-3951","1":"product","2":"type-product","3":"status-publish","4":"has-post-thumbnail","6":"product_brand-arena","7":"product_cat-plavecke-vybaveni-2","8":"product_tag-bryle","9":"product_tag-plavani","10":"product_tag-plavecke-vybaveni","11":"product_tag-pomucky","13":"first","14":"instock","15":"sale","16":"taxable","17":"shipping-taxable","18":"purchasable","19":"product-type-simple"},"jetpack_sharing_enabled":true,"_links":{"self":[{"href":"https:\/\/ete69e.pef.czu.cz\/ls2122\/wp-json\/wp\/v2\/product\/3951","targetHints":{"allow":["GET"]}}],"collection":[{"href":"https:\/\/ete69e.pef.czu.cz\/ls2122\/wp-json\/wp\/v2\/product"}],"about":[{"href":"https:\/\/ete69e.pef.czu.cz\/ls2122\/wp-json\/wp\/v2\/types\/product"}],"replies":[{"embeddable":true,"href":"https:\/\/ete69e.pef.czu.cz\/ls2122\/wp-json\/wp\/v2\/comments?post=3951"}],"wp:featuredmedia":[{"embeddable":true,"href":"https:\/\/ete69e.pef.czu.cz\/ls2122\/wp-json\/wp\/v2\/media\/3952"}],"wp:attachment":[{"href":"https:\/\/ete69e.pef.czu.cz\/ls2122\/wp-json\/wp\/v2\/media?parent=3951"}],"wp:term":[{"taxonomy":"product_brand","embeddable":true,"href":"https:\/\/ete69e.pef.czu.cz\/ls2122\/wp-json\/wp\/v2\/product_brand?post=3951"},{"taxonomy":"product_cat","embeddable":true,"href":"https:\/\/ete69e.pef.czu.cz\/ls2122\/wp-json\/wp\/v2\/product_cat?post=3951"},{"taxonomy":"product_tag","embeddable":true,"href":"https:\/\/ete69e.pef.czu.cz\/ls2122\/wp-json\/wp\/v2\/product_tag?post=3951"}],"curies":[{"name":"wp","href":"https:\/\/api.w.org\/{rel}","templated":true}]}}