{"id":3949,"date":"2026-04-02T22:58:36","date_gmt":"2026-04-02T20:58:36","guid":{"rendered":"https:\/\/ete69e.pef.czu.cz\/ls2122\/?post_type=product&#038;p=3949"},"modified":"2026-04-02T23:09:06","modified_gmt":"2026-04-02T21:09:06","slug":"plavecky-piskot-finis-pull-buoy","status":"publish","type":"product","link":"https:\/\/ete69e.pef.czu.cz\/ls2122\/produkt\/plavecky-piskot-finis-pull-buoy\/","title":{"rendered":"Plaveck\u00fd pi\u0161kot Finis Pull Buoy"},"content":{"rendered":"<p>Nadleh\u010dovac\u00ed pom\u016fcka pro n\u00e1cvik techniky pa\u017e\u00ed. Odoln\u00fd p\u011bnov\u00fd materi\u00e1l.<\/p>\n","protected":false},"excerpt":{"rendered":"<p><strong>Plaveck\u00fd pi\u0161kot Finis Pull Buoy\u00a0<\/strong>napom\u00e1h\u00e1 udr\u017eovat spr\u00e1vnou pozici t\u011bla p\u0159i plav\u00e1n\u00ed. Pi\u0161kot si um\u00edst\u00edte mezi kotn\u00edky, pop\u0159\u00edpad\u011b l\u00fdtka \u010di stehna. Ve\u0161ker\u00fd pohyb je tak soust\u0159ed\u011bn na horn\u00ed polovinu t\u011bla, kter\u00e1 mus\u00ed vyvinout v\u011bt\u0161\u00ed s\u00edlu. Plaveck\u00fd pi\u0161kot je z lehk\u00e9ho materi\u00e1lu\u00a0<strong>EVA\u00a0<\/strong>a je\u00a0v\u00a0<strong>univerz\u00e1ln\u00ed dosp\u011bl\u00e9 velikosti\u00a0<\/strong>(p\u0159ibli\u017en\u011b od 12 let).<\/p>\n","protected":false},"featured_media":3950,"comment_status":"open","ping_status":"closed","template":"","meta":[],"product_brand":[1637],"product_cat":[1636],"product_tag":[1640,1638,1639],"class_list":{"0":"post-3949","1":"product","2":"type-product","3":"status-publish","4":"has-post-thumbnail","6":"product_brand-finis","7":"product_cat-plavecke-vybaveni-2","8":"product_tag-plavani","9":"product_tag-plavecke-vybaveni","10":"product_tag-pomucky","12":"first","13":"instock","14":"sale","15":"taxable","16":"shipping-taxable","17":"purchasable","18":"product-type-simple"},"jetpack_sharing_enabled":true,"_links":{"self":[{"href":"https:\/\/ete69e.pef.czu.cz\/ls2122\/wp-json\/wp\/v2\/product\/3949","targetHints":{"allow":["GET"]}}],"collection":[{"href":"https:\/\/ete69e.pef.czu.cz\/ls2122\/wp-json\/wp\/v2\/product"}],"about":[{"href":"https:\/\/ete69e.pef.czu.cz\/ls2122\/wp-json\/wp\/v2\/types\/product"}],"replies":[{"embeddable":true,"href":"https:\/\/ete69e.pef.czu.cz\/ls2122\/wp-json\/wp\/v2\/comments?post=3949"}],"wp:featuredmedia":[{"embeddable":true,"href":"https:\/\/ete69e.pef.czu.cz\/ls2122\/wp-json\/wp\/v2\/media\/3950"}],"wp:attachment":[{"href":"https:\/\/ete69e.pef.czu.cz\/ls2122\/wp-json\/wp\/v2\/media?parent=3949"}],"wp:term":[{"taxonomy":"product_brand","embeddable":true,"href":"https:\/\/ete69e.pef.czu.cz\/ls2122\/wp-json\/wp\/v2\/product_brand?post=3949"},{"taxonomy":"product_cat","embeddable":true,"href":"https:\/\/ete69e.pef.czu.cz\/ls2122\/wp-json\/wp\/v2\/product_cat?post=3949"},{"taxonomy":"product_tag","embeddable":true,"href":"https:\/\/ete69e.pef.czu.cz\/ls2122\/wp-json\/wp\/v2\/product_tag?post=3949"}],"curies":[{"name":"wp","href":"https:\/\/api.w.org\/{rel}","templated":true}]}}