{"id":3780,"date":"2026-04-02T11:13:12","date_gmt":"2026-04-02T09:13:12","guid":{"rendered":"https:\/\/ete69e.pef.czu.cz\/ls2122\/?post_type=product&#038;p=3780"},"modified":"2026-04-02T11:16:33","modified_gmt":"2026-04-02T09:16:33","slug":"plysovy-vombat-hnedy","status":"publish","type":"product","link":"https:\/\/ete69e.pef.czu.cz\/ls2122\/produkt\/plysovy-vombat-hnedy\/","title":{"rendered":"Ply\u0161ov\u00fd vombat &#8211; hn\u011bd\u00fd"},"content":{"rendered":"<p>Tento ply\u0161ov\u00fd vombat s\u00e1z\u00ed na v\u011brn\u00e9 zpracov\u00e1n\u00ed a charakteristickou texturu srsti. Jeho hn\u011bd\u00fd ko\u017e\u00ed\u0161ek m\u00e1 p\u0159irozen\u011b \u201est\u0159apat\u00fd\u201c vzhled, kter\u00fd v\u011brn\u011b napodobuje viz\u00e1\u017e tohoto australsk\u00e9ho va\u010dnatce. D\u00edky sv\u00e9 velikosti a m\u011bkk\u00e9mu materi\u00e1lu je vhodn\u00fd jak pro hru, tak jako origin\u00e1ln\u00ed prvek do interi\u00e9ru. Jde se o ply\u0161\u00e1ka, kter\u00fd pot\u011b\u0161\u00ed ka\u017ed\u00e9ho fanou\u0161ka netradi\u010dn\u00edch zv\u00ed\u0159at.<\/p>\n","protected":false},"excerpt":{"rendered":"<p>V\u011brn\u011b zpracovan\u00fd ply\u0161ov\u00fd vombat se st\u0159apat\u00fdm hn\u011bd\u00fdm ko\u017e\u00ed\u0161kem, kter\u00fd napodobuje svou australskou p\u0159edlohu. D\u00edky m\u011bkk\u00e9mu materi\u00e1lu je ide\u00e1ln\u00ed na hran\u00ed i jako stylov\u00e1 dekorace pro milovn\u00edky netradi\u010dn\u00edch zv\u00ed\u0159at.<\/p>\n","protected":false},"featured_media":3808,"comment_status":"open","ping_status":"closed","template":"","meta":[],"product_brand":[],"product_cat":[1544],"product_tag":[1554,1555,457,1553],"class_list":{"0":"post-3780","1":"product","2":"type-product","3":"status-publish","4":"has-post-thumbnail","6":"product_cat-plysova-hracka","7":"product_tag-australie","8":"product_tag-netradicni-zvirata","9":"product_tag-vhodne-jako-darek","10":"product_tag-vombat","12":"first","13":"instock","14":"sale","15":"taxable","16":"shipping-taxable","17":"purchasable","18":"product-type-simple"},"jetpack_sharing_enabled":true,"_links":{"self":[{"href":"https:\/\/ete69e.pef.czu.cz\/ls2122\/wp-json\/wp\/v2\/product\/3780","targetHints":{"allow":["GET"]}}],"collection":[{"href":"https:\/\/ete69e.pef.czu.cz\/ls2122\/wp-json\/wp\/v2\/product"}],"about":[{"href":"https:\/\/ete69e.pef.czu.cz\/ls2122\/wp-json\/wp\/v2\/types\/product"}],"replies":[{"embeddable":true,"href":"https:\/\/ete69e.pef.czu.cz\/ls2122\/wp-json\/wp\/v2\/comments?post=3780"}],"wp:featuredmedia":[{"embeddable":true,"href":"https:\/\/ete69e.pef.czu.cz\/ls2122\/wp-json\/wp\/v2\/media\/3808"}],"wp:attachment":[{"href":"https:\/\/ete69e.pef.czu.cz\/ls2122\/wp-json\/wp\/v2\/media?parent=3780"}],"wp:term":[{"taxonomy":"product_brand","embeddable":true,"href":"https:\/\/ete69e.pef.czu.cz\/ls2122\/wp-json\/wp\/v2\/product_brand?post=3780"},{"taxonomy":"product_cat","embeddable":true,"href":"https:\/\/ete69e.pef.czu.cz\/ls2122\/wp-json\/wp\/v2\/product_cat?post=3780"},{"taxonomy":"product_tag","embeddable":true,"href":"https:\/\/ete69e.pef.czu.cz\/ls2122\/wp-json\/wp\/v2\/product_tag?post=3780"}],"curies":[{"name":"wp","href":"https:\/\/api.w.org\/{rel}","templated":true}]}}