{"id":3718,"date":"2026-04-01T23:09:43","date_gmt":"2026-04-01T21:09:43","guid":{"rendered":"https:\/\/ete69e.pef.czu.cz\/ls2122\/?post_type=product&#038;p=3718"},"modified":"2026-04-03T16:03:26","modified_gmt":"2026-04-03T14:03:26","slug":"wood-krb-na-drevo","status":"publish","type":"product","link":"https:\/\/ete69e.pef.czu.cz\/ls2122\/produkt\/wood-krb-na-drevo\/","title":{"rendered":"HYBRID &#8211; krb na d\u0159evo a pelety"},"content":{"rendered":"<p>Nebu\u010fte odk\u00e1z\u00e1ni na jedno palivo! Kombinovan\u00fd krb\u00a0<strong>HYBRID<\/strong>\u00a0<strong>d\u0159evo + pelety<\/strong> s p\u0159irozenou konvekc\u00ed je extr\u00e9mn\u011b tich\u00fd a \u00fa\u010dinn\u00fd.<\/p>\n<p>P\u0159\u00edrodn\u00ed k\u00e1men, imitace kamenn\u00e9ho oblo\u017een\u00ed nebo ocelov\u00e9 proveden\u00ed hybridn\u00edho krbu.\u00a0 Ur\u010den k instalaci jako lok\u00e1ln\u00ed teplovzdu\u0161n\u00fd zdroj nebo pro teplovzdu\u0161n\u00fd p\u0159enos pomoc\u00ed potrubn\u00ed soupravy.<br \/>\nInternetov\u00fd modul, mobiln\u00ed aplikace pro ovl\u00e1d\u00e1n\u00ed krbu HYBRID pomoc\u00ed chytr\u00e9ho telefonu, d\u00e1lkov\u00e9 ovl\u00e1d\u00e1n\u00ed ve standardu.<br \/>\nJe tak\u00e9 mo\u017enost si p\u0159ikoupit dotykov\u00fd ovl\u00e1dac\u00ed panel nebo z\u00f3nov\u00fd termostat.<\/p>\n<h3 dir=\"ltr\"><em>PROVEDEN\u00cd<\/em><\/h3>\n<p dir=\"ltr\"><strong>P\u0159\u00edrodn\u00ed k\u00e1men<\/strong><\/p>\n<ul>\n<li>MASTEK<\/li>\n<li>B\u00cdL\u00dd K\u00c1MEN<\/li>\n<\/ul>\n<p><strong>Lakovan\u00e1 ocel<\/strong><\/p>\n<ul>\n<li>\u010cERN\u00c1<\/li>\n<li>B\u00cdL\u00c1<\/li>\n<\/ul>\n<p><strong>Imitace kamenn\u00e9 oblo\u017een\u00ed<\/strong><\/p>\n<ul>\n<li>CEMENT<\/li>\n<li>HOLUBICE<\/li>\n<li>RZI<\/li>\n<li>ANTRACIT<\/li>\n<\/ul>\n<h3 dir=\"ltr\"><em>PALIVO<\/em><\/h3>\n<p dir=\"ltr\">D\u0158EVO, PELETY<\/p>\n<h3 dir=\"ltr\"><em>V\u00ddKON<\/em><\/h3>\n<p dir=\"ltr\"><em>6 kW, 10 kW<\/em><\/p>\n<h3 dir=\"ltr\"><em>KOU\u0158OVOD<\/em><\/h3>\n<p dir=\"ltr\">NAHORU<\/p>\n<h3 dir=\"ltr\"><em>ROZM\u011aRY<\/em><\/h3>\n<p dir=\"ltr\"><img loading=\"lazy\" decoding=\"async\" class=\"alignnone size-medium wp-image-3853\" src=\"https:\/\/ete69e.pef.czu.cz\/ls2122\/01\/wp-content\/uploads\/2026\/04\/Rozmery-HYBRID-223x300.png\" alt=\"\" width=\"223\" height=\"300\" srcset=\"https:\/\/ete69e.pef.czu.cz\/ls2122\/01\/wp-content\/uploads\/2026\/04\/Rozmery-HYBRID-223x300.png 223w, https:\/\/ete69e.pef.czu.cz\/ls2122\/01\/wp-content\/uploads\/2026\/04\/Rozmery-HYBRID.png 377w\" sizes=\"auto, (max-width: 223px) 100vw, 223px\" \/><\/p>\n","protected":false},"excerpt":{"rendered":"<p><strong>Hybridn\u00ed teplovzdu\u0161n\u00fd krb na pelety a d\u0159evo<\/strong><br \/>\nModern\u00ed a extr\u00e9mn\u011b tich\u00fd krb s p\u0159irozenou konvekc\u00ed, kter\u00fd umo\u017e\u0148uje komfortn\u00ed vyt\u00e1p\u011bn\u00ed na d\u0159evo i pelety bez nutnosti ru\u010dn\u00edho p\u0159ep\u00edn\u00e1n\u00ed. Elektronika automaticky rozpozn\u00e1 vlo\u017een\u00e9 d\u0159evo. Po doho\u0159en\u00ed d\u0159eva, p\u0159epne re\u017eim spalov\u00e1n\u00ed pelet. Sta\u010d\u00ed m\u00edt jen napln\u011bn\u00fd z\u00e1sobn\u00edk peletami. Krb nab\u00edz\u00ed d\u00e1lkov\u00e9 ovl\u00e1d\u00e1n\u00ed, mobiln\u00ed aplikaci a internetov\u00fd modul ve standardu. D\u00edky robustn\u00ed konstrukci z \u010dern\u00e9 oceli a mo\u017enosti napojen\u00ed na teplovzdu\u0161n\u00e9 rozvody je ide\u00e1ln\u00ed jako hlavn\u00ed lok\u00e1ln\u00ed zdroj tepla pro modern\u00ed dom\u00e1cnosti.<\/p>\n","protected":false},"featured_media":3833,"comment_status":"open","ping_status":"closed","template":"","meta":[],"product_brand":[1523],"product_cat":[1452,1453],"product_tag":[1654,1632,1631,1633,1524],"class_list":{"0":"post-3718","1":"product","2":"type-product","3":"status-publish","4":"has-post-thumbnail","6":"product_brand-dielle-spa","7":"product_cat-domaci-spotrebice","8":"product_cat-tepelna-technika","9":"product_tag-ohrev-domu","10":"product_tag-palivo-drevo","11":"product_tag-palivo-pelety","12":"product_tag-peletynebo-drevo","13":"product_tag-teplovzdusny-krb","15":"first","16":"instock","17":"taxable","18":"shipping-taxable","19":"purchasable","20":"product-type-variable"},"jetpack_sharing_enabled":true,"_links":{"self":[{"href":"https:\/\/ete69e.pef.czu.cz\/ls2122\/wp-json\/wp\/v2\/product\/3718","targetHints":{"allow":["GET"]}}],"collection":[{"href":"https:\/\/ete69e.pef.czu.cz\/ls2122\/wp-json\/wp\/v2\/product"}],"about":[{"href":"https:\/\/ete69e.pef.czu.cz\/ls2122\/wp-json\/wp\/v2\/types\/product"}],"replies":[{"embeddable":true,"href":"https:\/\/ete69e.pef.czu.cz\/ls2122\/wp-json\/wp\/v2\/comments?post=3718"}],"wp:featuredmedia":[{"embeddable":true,"href":"https:\/\/ete69e.pef.czu.cz\/ls2122\/wp-json\/wp\/v2\/media\/3833"}],"wp:attachment":[{"href":"https:\/\/ete69e.pef.czu.cz\/ls2122\/wp-json\/wp\/v2\/media?parent=3718"}],"wp:term":[{"taxonomy":"product_brand","embeddable":true,"href":"https:\/\/ete69e.pef.czu.cz\/ls2122\/wp-json\/wp\/v2\/product_brand?post=3718"},{"taxonomy":"product_cat","embeddable":true,"href":"https:\/\/ete69e.pef.czu.cz\/ls2122\/wp-json\/wp\/v2\/product_cat?post=3718"},{"taxonomy":"product_tag","embeddable":true,"href":"https:\/\/ete69e.pef.czu.cz\/ls2122\/wp-json\/wp\/v2\/product_tag?post=3718"}],"curies":[{"name":"wp","href":"https:\/\/api.w.org\/{rel}","templated":true}]}}